{"id":20644,"date":"2024-05-09T13:17:14","date_gmt":"2024-05-09T13:17:14","guid":{"rendered":"https:\/\/www.todoenbelleza.es\/?post_type=product&#038;p=20644"},"modified":"2024-05-20T12:20:07","modified_gmt":"2024-05-20T12:20:07","slug":"vaccinium","status":"publish","type":"product","link":"https:\/\/www.todoenbelleza.es\/en\/product\/vaccinium\/","title":{"rendered":"Vaccinium &#8211; Crema facial revitalizante"},"content":{"rendered":"<p><strong>Descripci\u00f3n<\/strong>:<br \/>\nCrema de textura ligera y de r\u00e1pida absorci\u00f3n Indicada para pieles muy deshidratadas. Formulada con \u00e1cido hialur\u00f3nico de alto peso molecular unido a una mol\u00e9cula de silicio org\u00e1nico que har\u00e1 que la piel est\u00e9 hidratada a la vez que aportar\u00e1 un efecto reestructurante a las fibras de col\u00e1geno y elastina. Contiene agua termal marina que enriquecer\u00e1 la piel con minerales esenciales y con gran acci\u00f3n antioxidante que junto con el extracto de ar\u00e1ndanos har\u00e1n que la piel luzca radiante y con un aspecto saludable.<\/p>\n<p><strong>Modo de empleo:<\/strong><br \/>\nAplicar en cara, cuello y escote despu\u00e9s de una correcta higiene de la piel. Realizar movimientos circulares hasta su completa absorci\u00f3n.<\/p>\n<p><strong>Compuestos principales:<\/strong><br \/>\nExtracto de ar\u00e1ndanos, cera de semillas de jojoba, agua marina, vitamina E y cera de abejas.<\/p>","protected":false},"excerpt":{"rendered":"<p>Descripci\u00f3n: Crema de textura ligera y de r\u00e1pida absorci\u00f3n Indicada para pieles muy deshidratadas. Formulada con \u00e1cido hialur\u00f3nico de alto peso molecular unido a una mol\u00e9cula de silicio org\u00e1nico que har\u00e1 que la piel est\u00e9 hidratada a la vez que aportar\u00e1 un efecto reestructurante a las fibras de col\u00e1geno y elastina. Contiene agua termal marina [&hellip;]<\/p>","protected":false},"featured_media":20645,"comment_status":"closed","ping_status":"closed","template":"","meta":{"_et_pb_use_builder":"","_et_pb_old_content":"","_et_gb_content_width":"","_joinchat":[]},"product_cat":[744],"product_tag":[],"yoast_head":"<!-- This site is optimized with the Yoast SEO plugin v20.10 - https:\/\/yoast.com\/wordpress\/plugins\/seo\/ -->\n<title>Vaccinium - Crema facial revitalizante - Todo en Belleza con Cuca Miquel<\/title>\n<meta name=\"description\" content=\"Cosm\u00e9tico natural para la hidrataci\u00f3n de los labiosCrema de textura ligera y de r\u00e1pida absorci\u00f3n Indicada para pieles muy deshidratadas..\" \/>\n<meta name=\"robots\" content=\"index, follow, max-snippet:-1, max-image-preview:large, max-video-preview:-1\" \/>\n<link rel=\"canonical\" href=\"https:\/\/www.todoenbelleza.es\/en\/product\/vaccinium\/\" \/>\n<meta property=\"og:locale\" content=\"en_GB\" \/>\n<meta property=\"og:type\" content=\"article\" \/>\n<meta property=\"og:title\" content=\"Vaccinium - Crema facial revitalizante - Todo en Belleza con Cuca Miquel\" \/>\n<meta property=\"og:description\" content=\"Cosm\u00e9tico natural para la hidrataci\u00f3n de los labiosCrema de textura ligera y de r\u00e1pida absorci\u00f3n Indicada para pieles muy deshidratadas..\" \/>\n<meta property=\"og:url\" content=\"https:\/\/www.todoenbelleza.es\/en\/product\/vaccinium\/\" \/>\n<meta property=\"og:site_name\" content=\"Todo en Belleza con Cuca Miquel\" \/>\n<meta property=\"article:publisher\" content=\"https:\/\/www.facebook.com\/www.todoenbelleza.es\/\" \/>\n<meta property=\"article:modified_time\" content=\"2024-05-20T12:20:07+00:00\" \/>\n<meta property=\"og:image\" content=\"https:\/\/www.todoenbelleza.es\/wp-content\/uploads\/2024\/05\/Vaccinium.jpg\" \/>\n\t<meta property=\"og:image:width\" content=\"2200\" \/>\n\t<meta property=\"og:image:height\" content=\"1470\" \/>\n\t<meta property=\"og:image:type\" content=\"image\/jpeg\" \/>\n<meta name=\"twitter:card\" content=\"summary_large_image\" \/>\n<meta name=\"twitter:site\" content=\"@todoenbelleza1\" \/>\n<meta name=\"twitter:label1\" content=\"Estimated reading time\" \/>\n\t<meta name=\"twitter:data1\" content=\"1 minute\" \/>\n<!-- \/ Yoast SEO plugin. -->","yoast_head_json":{"title":"Vaccinium - Crema facial revitalizante - Todo en Belleza con Cuca Miquel","description":"Cosm\u00e9tico natural para la hidrataci\u00f3n de los labiosCrema de textura ligera y de r\u00e1pida absorci\u00f3n Indicada para pieles muy deshidratadas..","robots":{"index":"index","follow":"follow","max-snippet":"max-snippet:-1","max-image-preview":"max-image-preview:large","max-video-preview":"max-video-preview:-1"},"canonical":"https:\/\/www.todoenbelleza.es\/en\/product\/vaccinium\/","og_locale":"en_GB","og_type":"article","og_title":"Vaccinium - Crema facial revitalizante - Todo en Belleza con Cuca Miquel","og_description":"Cosm\u00e9tico natural para la hidrataci\u00f3n de los labiosCrema de textura ligera y de r\u00e1pida absorci\u00f3n Indicada para pieles muy deshidratadas..","og_url":"https:\/\/www.todoenbelleza.es\/en\/product\/vaccinium\/","og_site_name":"Todo en Belleza con Cuca Miquel","article_publisher":"https:\/\/www.facebook.com\/www.todoenbelleza.es\/","article_modified_time":"2024-05-20T12:20:07+00:00","og_image":[{"width":2200,"height":1470,"url":"https:\/\/www.todoenbelleza.es\/wp-content\/uploads\/2024\/05\/Vaccinium.jpg","type":"image\/jpeg"}],"twitter_card":"summary_large_image","twitter_site":"@todoenbelleza1","twitter_misc":{"Estimated reading time":"1 minute"},"schema":{"@context":"https:\/\/schema.org","@graph":[{"@type":"WebPage","@id":"https:\/\/www.todoenbelleza.es\/producto\/vaccinium\/","url":"https:\/\/www.todoenbelleza.es\/producto\/vaccinium\/","name":"Vaccinium - Crema facial revitalizante - Todo en Belleza con Cuca Miquel","isPartOf":{"@id":"https:\/\/www.todoenbelleza.es\/#website"},"datePublished":"2024-05-09T13:17:14+00:00","dateModified":"2024-05-20T12:20:07+00:00","description":"Cosm\u00e9tico natural para la hidrataci\u00f3n de los labiosCrema de textura ligera y de r\u00e1pida absorci\u00f3n Indicada para pieles muy deshidratadas..","breadcrumb":{"@id":"https:\/\/www.todoenbelleza.es\/producto\/vaccinium\/#breadcrumb"},"inLanguage":"en-GB","potentialAction":[{"@type":"ReadAction","target":["https:\/\/www.todoenbelleza.es\/producto\/vaccinium\/"]}]},{"@type":"BreadcrumbList","@id":"https:\/\/www.todoenbelleza.es\/producto\/vaccinium\/#breadcrumb","itemListElement":[{"@type":"ListItem","position":1,"name":"Portada","item":"https:\/\/www.todoenbelleza.es\/"},{"@type":"ListItem","position":2,"name":"Productos","item":"https:\/\/www.todoenbelleza.es\/shop\/"},{"@type":"ListItem","position":3,"name":"Vaccinium &#8211; Crema facial revitalizante"}]},{"@type":"WebSite","@id":"https:\/\/www.todoenbelleza.es\/#website","url":"https:\/\/www.todoenbelleza.es\/","name":"Todo en Belleza con Cuca Miquel","description":"Centro de belleza y medicina est\u00e9tica en Madrid","publisher":{"@id":"https:\/\/www.todoenbelleza.es\/#organization"},"potentialAction":[{"@type":"SearchAction","target":{"@type":"EntryPoint","urlTemplate":"https:\/\/www.todoenbelleza.es\/?s={search_term_string}"},"query-input":"required name=search_term_string"}],"inLanguage":"en-GB"},{"@type":"Organization","@id":"https:\/\/www.todoenbelleza.es\/#organization","name":"Todo en Belleza con Cuca Miquel","url":"https:\/\/www.todoenbelleza.es\/","logo":{"@type":"ImageObject","inLanguage":"en-GB","@id":"https:\/\/www.todoenbelleza.es\/#\/schema\/logo\/image\/","url":"https:\/\/www.todoenbelleza.es\/wp-content\/uploads\/2023\/02\/logocabecera.png","contentUrl":"https:\/\/www.todoenbelleza.es\/wp-content\/uploads\/2023\/02\/logocabecera.png","width":311,"height":60,"caption":"Todo en Belleza con Cuca Miquel"},"image":{"@id":"https:\/\/www.todoenbelleza.es\/#\/schema\/logo\/image\/"},"sameAs":["https:\/\/www.facebook.com\/www.todoenbelleza.es\/","https:\/\/twitter.com\/todoenbelleza1","https:\/\/www.instagram.com\/todo.en.belleza_cucamiquel\/"]}]}},"_links":{"self":[{"href":"https:\/\/www.todoenbelleza.es\/en\/wp-json\/wp\/v2\/product\/20644"}],"collection":[{"href":"https:\/\/www.todoenbelleza.es\/en\/wp-json\/wp\/v2\/product"}],"about":[{"href":"https:\/\/www.todoenbelleza.es\/en\/wp-json\/wp\/v2\/types\/product"}],"replies":[{"embeddable":true,"href":"https:\/\/www.todoenbelleza.es\/en\/wp-json\/wp\/v2\/comments?post=20644"}],"wp:featuredmedia":[{"embeddable":true,"href":"https:\/\/www.todoenbelleza.es\/en\/wp-json\/wp\/v2\/media\/20645"}],"wp:attachment":[{"href":"https:\/\/www.todoenbelleza.es\/en\/wp-json\/wp\/v2\/media?parent=20644"}],"wp:term":[{"taxonomy":"product_cat","embeddable":true,"href":"https:\/\/www.todoenbelleza.es\/en\/wp-json\/wp\/v2\/product_cat?post=20644"},{"taxonomy":"product_tag","embeddable":true,"href":"https:\/\/www.todoenbelleza.es\/en\/wp-json\/wp\/v2\/product_tag?post=20644"}],"curies":[{"name":"wp","href":"https:\/\/api.w.org\/{rel}","templated":true}]}}

<p><strong>Descripción</strong>:<br />
Crema de textura ligera y de rápida absorción Indicada para pieles muy deshidratadas. Formulada con ácido hialurónico de alto peso molecular unido a una molécula de silicio orgánico que hará que la piel esté hidratada a la vez que aportará un efecto reestructurante a las fibras de colágeno y elastina. Contiene agua termal marina que enriquecerá la piel con minerales esenciales y con gran acción antioxidante que junto con el extracto de arándanos harán que la piel luzca radiante y con un aspecto saludable.</p>
<p><strong>Modo de empleo:</strong><br />
Aplicar en cara, cuello y escote después de una correcta higiene de la piel. Realizar movimientos circulares hasta su completa absorción.</p>
<p><strong>Compuestos principales:</strong><br />
Extracto de arándanos, cera de semillas de jojoba, agua marina, vitamina E y cera de abejas.</p>

<p>Descripción: Crema de textura ligera y de rápida absorción Indicada para pieles muy deshidratadas. Formulada con ácido hialurónico de alto peso molecular unido a una molécula de silicio orgánico que hará que la piel esté hidratada a la vez que aportará un efecto reestructurante a las fibras de colágeno y elastina. Contiene agua termal marina [&hellip;]</p>

<!-- This site is optimized with the Yoast SEO plugin v20.10 - https://yoast.com/wordpress/plugins/seo/ -->
<title>Vaccinium - Crema facial revitalizante - Todo en Belleza con Cuca Miquel</title>
<meta name="description" content="Cosmético natural para la hidratación de los labiosCrema de textura ligera y de rápida absorción Indicada para pieles muy deshidratadas.." />
<meta name="robots" content="index, follow, max-snippet:-1, max-image-preview:large, max-video-preview:-1" />
<link rel="canonical" href="https://www.todoenbelleza.es/en/product/vaccinium/" />
<meta property="og:locale" content="en_GB" />
<meta property="og:type" content="article" />
<meta property="og:title" content="Vaccinium - Crema facial revitalizante - Todo en Belleza con Cuca Miquel" />
<meta property="og:description" content="Cosmético natural para la hidratación de los labiosCrema de textura ligera y de rápida absorción Indicada para pieles muy deshidratadas.." />
<meta property="og:url" content="https://www.todoenbelleza.es/en/product/vaccinium/" />
<meta property="og:site_name" content="Todo en Belleza con Cuca Miquel" />
<meta property="article:publisher" content="https://www.facebook.com/www.todoenbelleza.es/" />
<meta property="article:modified_time" content="2024-05-20T12:20:07+00:00" />
<meta property="og:image" content="https://www.todoenbelleza.es/wp-content/uploads/2024/05/Vaccinium.jpg" />
	<meta property="og:image:width" content="2200" />
	<meta property="og:image:height" content="1470" />
	<meta property="og:image:type" content="image/jpeg" />
<meta name="twitter:card" content="summary_large_image" />
<meta name="twitter:site" content="@todoenbelleza1" />
<meta name="twitter:label1" content="Estimated reading time" />
	<meta name="twitter:data1" content="1 minute" />
<!-- / Yoast SEO plugin. -->

Cosmético natural para la hidratación de los labiosCrema de textura ligera y de rápida absorción Indicada para pieles muy deshidratadas..

Centro de belleza y medicina estética en Madrid
