{"id":19832,"date":"2023-08-01T19:00:03","date_gmt":"2023-08-01T19:00:03","guid":{"rendered":"https:\/\/www.todoenbelleza.es\/?post_type=product&#038;p=19832"},"modified":"2023-08-10T07:06:33","modified_gmt":"2023-08-10T07:06:33","slug":"crema-epidermis-florae","status":"publish","type":"product","link":"https:\/\/www.todoenbelleza.es\/en\/product\/crema-epidermis-florae\/","title":{"rendered":"Crema Epidermis Florae"},"content":{"rendered":"<p><strong>Crema probi\u00f3tica antipoluci\u00f3n, dise\u00f1ada para todo tipo de pieles. \/ Anti-pollution probiotic cream, designed for all skin types.<\/strong><\/p>\n<p><strong>Beneficios:<\/strong> Estimular los procesos de reparaci\u00f3n, previene la p\u00e9rdida de agua de la epidermis y la regenera fortaleciendo su estructura. Adem\u00e1s, estimula la piel para producir prote\u00ednas y enzimas que le dan firmeza y elasticidad.<br \/>\n<strong>Benefits:<\/strong> Stimulates repair processes, prevents water loss from the epidermis and regenerates it, strengthening its structure. In addition, it stimulates the skin to produce proteins and enzymes that give it firmness and elasticity.<\/p>\n<p><strong>Modo de empleo:<\/strong> Ma\u00f1ana y\/o noche, seg\u00fan indicaciones personalizadas.<br \/>\n<strong>How to use:<\/strong> Morning and\/or night, according to personalized indications.<\/p>\n<p><strong>Componentes principales:<\/strong> ProRenew Complex CLR, vitamina B3 (Niacinamida) y Provitamina B5 (Pantenol).<br \/>\n<strong>Main components:<\/strong> ProRenew Complex CLR, vitamin B3 (Niacinamide) and Provitamin B5 (Panthenol).<\/p>","protected":false},"excerpt":{"rendered":"<p>Crema probi\u00f3tica antipoluci\u00f3n, dise\u00f1ada para todo tipo de pieles. \/ Anti-pollution probiotic cream, designed for all skin types. Beneficios: Estimular los procesos de reparaci\u00f3n, previene la p\u00e9rdida de agua de la epidermis y la regenera fortaleciendo su estructura. Adem\u00e1s, estimula la piel para producir prote\u00ednas y enzimas que le dan firmeza y elasticidad. Benefits: Stimulates [&hellip;]<\/p>","protected":false},"featured_media":20080,"comment_status":"closed","ping_status":"closed","template":"","meta":{"_et_pb_use_builder":"","_et_pb_old_content":"","_et_gb_content_width":"","_joinchat":[]},"product_cat":[744,754],"product_tag":[],"yoast_head":"<!-- This site is optimized with the Yoast SEO plugin v20.10 - https:\/\/yoast.com\/wordpress\/plugins\/seo\/ -->\n<title>Crema Epidermis Florae - Todo en Belleza con Cuca Miquel<\/title>\n<meta name=\"robots\" content=\"index, follow, max-snippet:-1, max-image-preview:large, max-video-preview:-1\" \/>\n<link rel=\"canonical\" href=\"https:\/\/www.todoenbelleza.es\/en\/product\/crema-epidermis-florae\/\" \/>\n<meta property=\"og:locale\" content=\"en_GB\" \/>\n<meta property=\"og:type\" content=\"article\" \/>\n<meta property=\"og:title\" content=\"Crema Epidermis Florae - Todo en Belleza con Cuca Miquel\" \/>\n<meta property=\"og:description\" content=\"Crema probi\u00f3tica antipoluci\u00f3n, dise\u00f1ada para todo tipo de pieles. \/ Anti-pollution probiotic cream, designed for all skin types. Beneficios: Estimular los procesos de reparaci\u00f3n, previene la p\u00e9rdida de agua de la epidermis y la regenera fortaleciendo su estructura. Adem\u00e1s, estimula la piel para producir prote\u00ednas y enzimas que le dan firmeza y elasticidad. Benefits: Stimulates [&hellip;]\" \/>\n<meta property=\"og:url\" content=\"https:\/\/www.todoenbelleza.es\/en\/product\/crema-epidermis-florae\/\" \/>\n<meta property=\"og:site_name\" content=\"Todo en Belleza con Cuca Miquel\" \/>\n<meta property=\"article:publisher\" content=\"https:\/\/www.facebook.com\/www.todoenbelleza.es\/\" \/>\n<meta property=\"article:modified_time\" content=\"2023-08-10T07:06:33+00:00\" \/>\n<meta property=\"og:image\" content=\"https:\/\/www.todoenbelleza.es\/wp-content\/uploads\/2023\/08\/Crema-Epidermis-Florae.webp\" \/>\n\t<meta property=\"og:image:width\" content=\"500\" \/>\n\t<meta property=\"og:image:height\" content=\"750\" \/>\n\t<meta property=\"og:image:type\" content=\"image\/webp\" \/>\n<meta name=\"twitter:card\" content=\"summary_large_image\" \/>\n<meta name=\"twitter:site\" content=\"@todoenbelleza1\" \/>\n<meta name=\"twitter:label1\" content=\"Estimated reading time\" \/>\n\t<meta name=\"twitter:data1\" content=\"1 minute\" \/>\n<!-- \/ Yoast SEO plugin. -->","yoast_head_json":{"title":"Crema Epidermis Florae - Todo en Belleza con Cuca Miquel","robots":{"index":"index","follow":"follow","max-snippet":"max-snippet:-1","max-image-preview":"max-image-preview:large","max-video-preview":"max-video-preview:-1"},"canonical":"https:\/\/www.todoenbelleza.es\/en\/product\/crema-epidermis-florae\/","og_locale":"en_GB","og_type":"article","og_title":"Crema Epidermis Florae - Todo en Belleza con Cuca Miquel","og_description":"Crema probi\u00f3tica antipoluci\u00f3n, dise\u00f1ada para todo tipo de pieles. \/ Anti-pollution probiotic cream, designed for all skin types. Beneficios: Estimular los procesos de reparaci\u00f3n, previene la p\u00e9rdida de agua de la epidermis y la regenera fortaleciendo su estructura. Adem\u00e1s, estimula la piel para producir prote\u00ednas y enzimas que le dan firmeza y elasticidad. Benefits: Stimulates [&hellip;]","og_url":"https:\/\/www.todoenbelleza.es\/en\/product\/crema-epidermis-florae\/","og_site_name":"Todo en Belleza con Cuca Miquel","article_publisher":"https:\/\/www.facebook.com\/www.todoenbelleza.es\/","article_modified_time":"2023-08-10T07:06:33+00:00","og_image":[{"width":500,"height":750,"url":"https:\/\/www.todoenbelleza.es\/wp-content\/uploads\/2023\/08\/Crema-Epidermis-Florae.webp","type":"image\/webp"}],"twitter_card":"summary_large_image","twitter_site":"@todoenbelleza1","twitter_misc":{"Estimated reading time":"1 minute"},"schema":{"@context":"https:\/\/schema.org","@graph":[{"@type":"WebPage","@id":"https:\/\/www.todoenbelleza.es\/producto\/crema-epidermis-florae\/","url":"https:\/\/www.todoenbelleza.es\/producto\/crema-epidermis-florae\/","name":"Crema Epidermis Florae - Todo en Belleza con Cuca Miquel","isPartOf":{"@id":"https:\/\/www.todoenbelleza.es\/#website"},"datePublished":"2023-08-01T19:00:03+00:00","dateModified":"2023-08-10T07:06:33+00:00","breadcrumb":{"@id":"https:\/\/www.todoenbelleza.es\/producto\/crema-epidermis-florae\/#breadcrumb"},"inLanguage":"en-GB","potentialAction":[{"@type":"ReadAction","target":["https:\/\/www.todoenbelleza.es\/producto\/crema-epidermis-florae\/"]}]},{"@type":"BreadcrumbList","@id":"https:\/\/www.todoenbelleza.es\/producto\/crema-epidermis-florae\/#breadcrumb","itemListElement":[{"@type":"ListItem","position":1,"name":"Portada","item":"https:\/\/www.todoenbelleza.es\/"},{"@type":"ListItem","position":2,"name":"Productos","item":"https:\/\/www.todoenbelleza.es\/shop\/"},{"@type":"ListItem","position":3,"name":"Crema Epidermis Florae"}]},{"@type":"WebSite","@id":"https:\/\/www.todoenbelleza.es\/#website","url":"https:\/\/www.todoenbelleza.es\/","name":"Todo en Belleza con Cuca Miquel","description":"Centro de belleza y medicina est\u00e9tica en Madrid","publisher":{"@id":"https:\/\/www.todoenbelleza.es\/#organization"},"potentialAction":[{"@type":"SearchAction","target":{"@type":"EntryPoint","urlTemplate":"https:\/\/www.todoenbelleza.es\/?s={search_term_string}"},"query-input":"required name=search_term_string"}],"inLanguage":"en-GB"},{"@type":"Organization","@id":"https:\/\/www.todoenbelleza.es\/#organization","name":"Todo en Belleza con Cuca Miquel","url":"https:\/\/www.todoenbelleza.es\/","logo":{"@type":"ImageObject","inLanguage":"en-GB","@id":"https:\/\/www.todoenbelleza.es\/#\/schema\/logo\/image\/","url":"https:\/\/www.todoenbelleza.es\/wp-content\/uploads\/2023\/02\/logocabecera.png","contentUrl":"https:\/\/www.todoenbelleza.es\/wp-content\/uploads\/2023\/02\/logocabecera.png","width":311,"height":60,"caption":"Todo en Belleza con Cuca Miquel"},"image":{"@id":"https:\/\/www.todoenbelleza.es\/#\/schema\/logo\/image\/"},"sameAs":["https:\/\/www.facebook.com\/www.todoenbelleza.es\/","https:\/\/twitter.com\/todoenbelleza1","https:\/\/www.instagram.com\/todo.en.belleza_cucamiquel\/"]}]}},"_links":{"self":[{"href":"https:\/\/www.todoenbelleza.es\/en\/wp-json\/wp\/v2\/product\/19832"}],"collection":[{"href":"https:\/\/www.todoenbelleza.es\/en\/wp-json\/wp\/v2\/product"}],"about":[{"href":"https:\/\/www.todoenbelleza.es\/en\/wp-json\/wp\/v2\/types\/product"}],"replies":[{"embeddable":true,"href":"https:\/\/www.todoenbelleza.es\/en\/wp-json\/wp\/v2\/comments?post=19832"}],"wp:featuredmedia":[{"embeddable":true,"href":"https:\/\/www.todoenbelleza.es\/en\/wp-json\/wp\/v2\/media\/20080"}],"wp:attachment":[{"href":"https:\/\/www.todoenbelleza.es\/en\/wp-json\/wp\/v2\/media?parent=19832"}],"wp:term":[{"taxonomy":"product_cat","embeddable":true,"href":"https:\/\/www.todoenbelleza.es\/en\/wp-json\/wp\/v2\/product_cat?post=19832"},{"taxonomy":"product_tag","embeddable":true,"href":"https:\/\/www.todoenbelleza.es\/en\/wp-json\/wp\/v2\/product_tag?post=19832"}],"curies":[{"name":"wp","href":"https:\/\/api.w.org\/{rel}","templated":true}]}}

<p><strong>Crema probiótica antipolución, diseñada para todo tipo de pieles. / Anti-pollution probiotic cream, designed for all skin types.</strong></p>
<p><strong>Beneficios:</strong> Estimular los procesos de reparación, previene la pérdida de agua de la epidermis y la regenera fortaleciendo su estructura. Además, estimula la piel para producir proteínas y enzimas que le dan firmeza y elasticidad.<br />
<strong>Benefits:</strong> Stimulates repair processes, prevents water loss from the epidermis and regenerates it, strengthening its structure. In addition, it stimulates the skin to produce proteins and enzymes that give it firmness and elasticity.</p>
<p><strong>Modo de empleo:</strong> Mañana y/o noche, según indicaciones personalizadas.<br />
<strong>How to use:</strong> Morning and/or night, according to personalized indications.</p>
<p><strong>Componentes principales:</strong> ProRenew Complex CLR, vitamina B3 (Niacinamida) y Provitamina B5 (Pantenol).<br />
<strong>Main components:</strong> ProRenew Complex CLR, vitamin B3 (Niacinamide) and Provitamin B5 (Panthenol).</p>

<p>Crema probiótica antipolución, diseñada para todo tipo de pieles. / Anti-pollution probiotic cream, designed for all skin types. Beneficios: Estimular los procesos de reparación, previene la pérdida de agua de la epidermis y la regenera fortaleciendo su estructura. Además, estimula la piel para producir proteínas y enzimas que le dan firmeza y elasticidad. Benefits: Stimulates [&hellip;]</p>

<!-- This site is optimized with the Yoast SEO plugin v20.10 - https://yoast.com/wordpress/plugins/seo/ -->
<title>Crema Epidermis Florae - Todo en Belleza con Cuca Miquel</title>
<meta name="robots" content="index, follow, max-snippet:-1, max-image-preview:large, max-video-preview:-1" />
<link rel="canonical" href="https://www.todoenbelleza.es/en/product/crema-epidermis-florae/" />
<meta property="og:locale" content="en_GB" />
<meta property="og:type" content="article" />
<meta property="og:title" content="Crema Epidermis Florae - Todo en Belleza con Cuca Miquel" />
<meta property="og:description" content="Crema probiótica antipolución, diseñada para todo tipo de pieles. / Anti-pollution probiotic cream, designed for all skin types. Beneficios: Estimular los procesos de reparación, previene la pérdida de agua de la epidermis y la regenera fortaleciendo su estructura. Además, estimula la piel para producir proteínas y enzimas que le dan firmeza y elasticidad. Benefits: Stimulates [&hellip;]" />
<meta property="og:url" content="https://www.todoenbelleza.es/en/product/crema-epidermis-florae/" />
<meta property="og:site_name" content="Todo en Belleza con Cuca Miquel" />
<meta property="article:publisher" content="https://www.facebook.com/www.todoenbelleza.es/" />
<meta property="article:modified_time" content="2023-08-10T07:06:33+00:00" />
<meta property="og:image" content="https://www.todoenbelleza.es/wp-content/uploads/2023/08/Crema-Epidermis-Florae.webp" />
	<meta property="og:image:width" content="500" />
	<meta property="og:image:height" content="750" />
	<meta property="og:image:type" content="image/webp" />
<meta name="twitter:card" content="summary_large_image" />
<meta name="twitter:site" content="@todoenbelleza1" />
<meta name="twitter:label1" content="Estimated reading time" />
	<meta name="twitter:data1" content="1 minute" />
<!-- / Yoast SEO plugin. -->

Crema probiótica antipolución, diseñada para todo tipo de pieles. / Anti-pollution probiotic cream, designed for all skin types. Beneficios: Estimular los procesos de reparación, previene la pérdida de agua de la epidermis y la regenera fortaleciendo su estructura. Además, estimula la piel para producir proteínas y enzimas que le dan firmeza y elasticidad. Benefits: Stimulates [&hellip;]

Centro de belleza y medicina estética en Madrid
